ivide 1246690?
False
Is 308560 a multiple of 140?
True
Does 10 divide 17410?
True
Does 6 divide 70355?
False
Does 10 divide 66790?
True
Does 8 divide 200626?
False
Is 327 a factor of 5359203?
True
Is 5568 a multiple of 3?
True
Is 54 a factor of 601506?
True
Is 108097 a multiple of 11?
True
Is 70 a factor of 225456?
False
Is 108 a factor of 51026?
False
Is 50 a factor of 1096000?
True
Does 7 divide 124534?
False
Is 6219030 a multiple of 4?
False
Is 92 a factor of 13064?
True
Is 1665551 a multiple of 241?
True
Is 504297 a multiple of 616?
False
Is 493 a factor of 245021?
True
Does 26 divide 156532?
False
Does 4 divide 2379998?
False
Is 3 a factor of 6652?
False
Is 19 a factor of 327826?
True
Does 86 divide 43709?
False
Does 14 divide 779800?
True
Is 44608 a multiple of 34?
True
Is 200 a factor of 415200?
True
Does 20 divide 18740?
True
Does 18 divide 144085?
False
Is 149250 a multiple of 150?
True
Does 65 divide 1256618?
False
Is 79 a factor of 1583542?
False
Does 8 divide 11380?
False
Is 2226636 a multiple of 12?
True
Is 4890593 a multiple of 46?
False
Does 10 divide 527750?
True
Does 5 divide 724221?
False
Is 4604175 a multiple of 3?
True
Is 183 a factor of 107787?
True
Is 50301 a multiple of 69?
True
Is 21 a factor of 79120?
False
Is 109 a factor of 722561?
True
Is 15 a factor of 155790?
True
Does 1076 divide 862464?
False
Is 80 a factor of 297040?
True
Is 148010 a multiple of 3?
False
Is 468 a factor of 158184?
True
Is 919156 a multiple of 12?
False
Is 613598 a multiple of 17?
True
Is 47 a factor of 1546347?
True
Is 17 a factor of 597273?
False
Is 679961 a multiple of 689?
False
Is 111 a factor of 202129?
False
Is 569117 a multiple of 65?
False
Is 160 a factor of 385123?
False
Does 246 divide 3437434?
False
Is 48 a factor of 127440?
True
Is 176 a factor of 662640?
True
Is 146 a factor of 4714924?
True
Does 22 divide 13817?
False
Does 27 divide 956907?
True
Is 1200697 a multiple of 130?
False
Does 108 divide 151397?
False
Is 288 a factor of 3795552?
True
Is 899811 a multiple of 99?
True
Does 4 divide 439856?
True
Is 13 a factor of 4548848?
False
Does 11 divide 201623?
False
Is 13 a factor of 2373161?
False
Does 652 divide 3994319?
False
Is 958303 a multiple of 5?
False
Does 8 divide 146907?
False
Is 183 a factor of 1422511?
False
Is 739 a factor of 693921?
True
Is 30996 a multiple of 13?
False
Does 19 divide 2212192?
False
Is 18 a factor of 78699?
False
Does 145 divide 64670?
True
Does 43 divide 4464694?
False
Is 139268 a multiple of 148?
True
Is 627 a factor of 805068?
True
Is 27 a factor of 6339?
False
Is 14468246 a multiple of 34?
False
Does 45 divide 755910?
True
Is 13 a factor of 8466666?
True
Is 90 a factor of 1367504?
False
Does 12 divide 11335224?
True
Is 162 a factor of 1123470?
True
Is 35912 a multiple of 37?
False
Is 57918 a multiple of 49?
True
Is 2988328 a multiple of 119?
True
Is 236968 a multiple of 38?
True
Is 254 a factor of 68549?
False
Does 125 divide 15125?
True
Is 3491264 a multiple of 32?
True
Is 141223 even?
False
Is 298 a factor of 25628?
True
Is 30 a factor of 2408610?
True
Is 5 a factor of 5390?
True
Does 12 divide 10032252?
True
Does 72 divide 34571?
False
Is 61828 a multiple of 127?
False
Is 103926 a multiple of 23?
False
Does 844 divide 742847?
False
Does 5 divide 313840?
True
Is 5 a factor of 17488780?
True
Does 168 divide 2591400?
True
Is 1464452 a multiple of 166?
True
Does 13 divide 369912?
False
Is 5053951 a multiple of 819?
False
Does 171 divide 239339?
False
Is 102018 a multiple of 294?
True
Is 585116 a multiple of 14?
True
Is 54 a factor of 281016?
True
Does 59 divide 1470130?
False
Is 58884 a multiple of 14?
True
Does 4 divide 408908?
True
Does 38 divide 433662?
False
Is 10658648 a multiple of 14?
True
Does 19 divide 31236?
True
Is 76726 a multiple of 26?
True
Is 1573960 a multiple of 76?
True
Does 10 divide 362260?
True
Does 7 divide 535157?
True
Does 317 divide 411149?
True
Does 328 divide 992856?
True
Is 3206628 a multiple of 108?
True
Does 25 divide 13305700?
True
Is 53620 a multiple of 10?
True
Is 9285 even?
False
Does 5 divide 5879446?
False
Is 4 a factor of 408814?
False
Does 208 divide 7749040?
True
Is 401373 a multiple of 13?
False
Is 318 a factor of 221963?
False
Does 32 divide 2618482?
False
Is 80 a factor of 123760?
True
Is 359651 a multiple of 191?
False
Is 25168 a multiple of 10?
False
Is 11 a factor of 23279772?
False
Is 135 a factor of 38531?
False
Is 161994 a multiple of 19?
True
Is 190 a factor of 5148810?
True
Is 911372 a multiple of 77?
True
Is 138 a factor of 2928360?
True
Is 8 a factor of 1007514?
False
Does 51 divide 1139096?
False
Is 2181693 a multiple of 48?
False
Is 1128340 a multiple of 39?
False
Does 7 divide 2257577?
True
Is 223944 a multiple of 43?
True
Does 87 divide 315030?
False
Does 1366 divide 10423946?
True
Is 2 a factor of 184263?
False
Does 10 divide 500116?
False
Is 5777200 a multiple of 505?
True
Is 2031872 a multiple of 1513?
False
Is 8 a factor of 41836?
False
Does 19 divide 3484260?
False
Is 6 a factor of 9900?
True
Does 154 divide 984522?
True
Does 424 divide 1003209?
False
Is 223 a factor of 833766?
False
Is 368769 a multiple of 14?
False
Is 144664 a multiple of 428?
True
Does 16 divide 1452960?
True
Does 435 divide 7892205?
True
Does 19 divide 31081?
False
Is 250702 a multiple of 69?
False
Is 96705 a multiple of 37?
False
Is 33 a factor of 14025?
True
Is 5049846 a multiple of 18?
True
Is 433035 a multiple of 28?
False
Is 212 a factor of 65296?
True
Is 60 a factor of 336690?
False
Does 16 divide 444210?
False
Is 1351856 a multiple of 44?
True
Is 22264605 a multiple of 141?
True
Is 4529208 a multiple of 17?
True
Is 1671371 a multiple of 15?
False
Is 38 a factor of 95744?
False
Is 103230 a multiple of 18?
True
Is 78 a factor of 853632?
True
Is 42 a factor of 85890?
True
Does 18 divide 318735?
False
Does 9 divide 555359?
False
Is 18 a factor of 84623?
False
Does 25 divide 144777?
False
Does 146 divide 156363?
False
Does 354 divide 1087842?
True
Does 192 divide 357888?
True
Is 79586 a multiple of 4?
False
Is 21 a factor of 443877?
True
Does 133 divide 68186?
False
Does 65 divide 132860?
True
Is 24 a factor of 27097?
False
Is 6337324 a multiple of 14?
True
Is 6 a factor of 52961?
False
Does 563 divide 88954?
True
Is 38 a factor of 1912596?
False
Is 15 a factor of 486895?
False
Is 20930 a multiple of 161?
True
Does 23 divide 3739438?
False
Is 1556499 a multiple of 329?
True
Is 3224917 a multiple of 82?
False
Is 32 a factor of 5569272?
False
Does 328 divide 1375530?
False
Does 344 divide 608436?
False
Is 4 a factor of 302637?
False
Is 1804010 a multiple of 130?
True
Does 15 divide 25160?
False
Is 913346 a multiple of 12?
False
Is 4 a factor of 122912?
True
Is 16 a factor of 4464?
True
Does 49 divide 10915681?
True
Does 36 divide 112932?
True
Is 17 a factor of 141865?
True
Is 43427 a multiple of 4?
False
Is 27 a factor of 1177497?
True
Is 6943365 a multiple of 35?
False
Does 5 divide 900900?
True
Does 77 divide 3636098?
False
Is 10477670 a multiple of 14?
True
Is 58 a factor of 1254424?
True
Does 9 divide 364160?
False
Does 997 divide 1302084?
False
Is 2419609 a multiple of 13?
False
Is 716 a factor of 95228?
True
Is 84 a factor of 1089480?
True
Is 58 a factor of 23084?
True
Is 54251 a multiple of 72?
False
Is 729835 a multiple of 7?
False
Is 15 a factor of 15426300?
True
Does 188 divide 66364?
True
Does 4 divide 885558?
False
Is 1102 a factor of 15395711?
False
Does 76 divide 991532?
False
Does 22 divide 6759380?
False
Does 22 divide 109948?
False
Is 275 a factor of 208175?
True
Is 11 a factor of 3295666?
True
Is 9086310 a multiple of 166?
False
Does 30 divide 678263?
False
Is 55086 a multiple of 6?
True
Is 7 a factor of 92498?
True
Is 240924 a multiple of 102?
True
Does 291 divide 257920?
False
Is 223 a factor of 1981423?
False
Is 209 a factor of 567211?
False
Is 18 a factor of 740844?
True
Does 6 divide 76602?
True
Is 68 a factor of 415004?
True
Is 54 a factor of 4119120?
True
Is 247 a factor of 8746265?
False
Is 5386619 a multiple of 12?
False
Is 1140676 a multiple of 53?
False
Is 18 a factor of 237422?
False
Does 18 divide 463835?
False
Does 628 divide 3938172?
False
Is 380 a factor of 631180?
True
Does 8 divide 3436692?
False
Does 34 divide 655883?
False
Is 